{"id":14325,"date":"2023-07-12T19:29:51","date_gmt":"2023-07-12T19:29:51","guid":{"rendered":"http:\/\/letrerosled.cl\/?post_type=product&#038;p=14325"},"modified":"2024-07-10T22:10:02","modified_gmt":"2024-07-10T22:10:02","slug":"camara-e27-wifi","status":"publish","type":"product","link":"https:\/\/letrerosled.cl\/index.php\/producto\/camara-e27-wifi\/","title":{"rendered":"CAMARA E27 WIFI"},"content":{"rendered":"<ul>\n<li>CLEAR VIEW HOME CAMERA, es una c\u00e1mara de seguridad inteligente que monitorea el interior de su casa d\u00eda y noche.<\/li>\n<li>Es de f\u00e1cil instalaci\u00f3n ya que se ajusta a la base de las ampolletas de luz de tama\u00f1o est\u00e1ndar E27.<\/li>\n<li>Puede ser manejada desde su smartphone Android o iPhone.<\/li>\n<li>Posee una luz LED que ilumina el espacio donde est\u00e1 ubicada. CLEAR VIEW HOME CAMERA es giratoria en 355\u00b0 de movimiento horizontal y de 120\u00b0 en movimiento vertical.<\/li>\n<\/ul>\n","protected":false},"excerpt":{"rendered":"<p>CLEAR VIEW HOME CAMERA, es una c\u00e1mara de seguridad inteligente que monitorea el interior de su casa d\u00eda y noche. Es de f\u00e1cil instalaci\u00f3n ya que se ajusta a la base de las ampolletas de luz de tama\u00f1o est\u00e1ndar E27. Puede ser manejada desde su smartphone Android o iPhone. Posee una luz LED que ilumina [&hellip;]<\/p>\n","protected":false},"featured_media":14447,"comment_status":"closed","ping_status":"closed","template":"","meta":{"site-sidebar-layout":"default","site-content-layout":"default","ast-site-content-layout":"default","site-content-style":"default","site-sidebar-style":"default","ast-global-header-display":"","ast-banner-title-visibility":"","ast-main-header-display":"","ast-hfb-above-header-display":"","ast-hfb-below-header-display":"","ast-hfb-mobile-header-display":"","site-post-title":"","ast-breadcrumbs-content":"","ast-featured-img":"","footer-sml-layout":"","theme-transparent-header-meta":"default","adv-header-id-meta":"","stick-header-meta":"","header-above-stick-meta":"","header-main-stick-meta":"","header-below-stick-meta":"","astra-migrate-meta-layouts":"default","ast-page-background-enabled":"default","ast-page-background-meta":{"desktop":{"background-color":"var(--ast-global-color-4)","background-image":"","background-repeat":"repeat","background-position":"center center","background-size":"auto","background-attachment":"scroll","background-type":"","background-media":"","overlay-type":"","overlay-color":"","overlay-opacity":"","overlay-gradient":""},"tablet":{"background-color":"","background-image":"","background-repeat":"repeat","background-position":"center center","background-size":"auto","background-attachment":"scroll","background-type":"","background-media":"","overlay-type":"","overlay-color":"","overlay-opacity":"","overlay-gradient":""},"mobile":{"background-color":"","background-image":"","background-repeat":"repeat","background-position":"center center","background-size":"auto","background-attachment":"scroll","background-type":"","background-media":"","overlay-type":"","overlay-color":"","overlay-opacity":"","overlay-gradient":""}},"ast-content-background-meta":{"desktop":{"background-color":"var(--ast-global-color-5)","background-image":"","background-repeat":"repeat","background-position":"center center","background-size":"auto","background-attachment":"scroll","background-type":"","background-media":"","overlay-type":"","overlay-color":"","overlay-opacity":"","overlay-gradient":""},"tablet":{"background-color":"var(--ast-global-color-5)","background-image":"","background-repeat":"repeat","background-position":"center center","background-size":"auto","background-attachment":"scroll","background-type":"","background-media":"","overlay-type":"","overlay-color":"","overlay-opacity":"","overlay-gradient":""},"mobile":{"background-color":"var(--ast-global-color-5)","background-image":"","background-repeat":"repeat","background-position":"center center","background-size":"auto","background-attachment":"scroll","background-type":"","background-media":"","overlay-type":"","overlay-color":"","overlay-opacity":"","overlay-gradient":""}},"_joinchat":[]},"product_brand":[],"product_cat":[36,38],"product_tag":[167,151,163,168,135,164,105],"class_list":{"0":"post-14325","1":"product","2":"type-product","3":"status-publish","4":"has-post-thumbnail","6":"product_cat-camaras-de-seguridad","7":"product_cat-ofertas","8":"product_tag-ampolleta","9":"product_tag-android","10":"product_tag-camara","11":"product_tag-e27","12":"product_tag-interior","13":"product_tag-sensor-de-movimiento","14":"product_tag-wifi","15":"desktop-align-left","16":"tablet-align-left","17":"mobile-align-left","19":"first","20":"instock","21":"sale","22":"shipping-taxable","23":"purchasable","24":"product-type-simple"},"jetpack_sharing_enabled":true,"_links":{"self":[{"href":"https:\/\/letrerosled.cl\/index.php\/wp-json\/wp\/v2\/product\/14325","targetHints":{"allow":["GET"]}}],"collection":[{"href":"https:\/\/letrerosled.cl\/index.php\/wp-json\/wp\/v2\/product"}],"about":[{"href":"https:\/\/letrerosled.cl\/index.php\/wp-json\/wp\/v2\/types\/product"}],"replies":[{"embeddable":true,"href":"https:\/\/letrerosled.cl\/index.php\/wp-json\/wp\/v2\/comments?post=14325"}],"wp:featuredmedia":[{"embeddable":true,"href":"https:\/\/letrerosled.cl\/index.php\/wp-json\/wp\/v2\/media\/14447"}],"wp:attachment":[{"href":"https:\/\/letrerosled.cl\/index.php\/wp-json\/wp\/v2\/media?parent=14325"}],"wp:term":[{"taxonomy":"product_brand","embeddable":true,"href":"https:\/\/letrerosled.cl\/index.php\/wp-json\/wp\/v2\/product_brand?post=14325"},{"taxonomy":"product_cat","embeddable":true,"href":"https:\/\/letrerosled.cl\/index.php\/wp-json\/wp\/v2\/product_cat?post=14325"},{"taxonomy":"product_tag","embeddable":true,"href":"https:\/\/letrerosled.cl\/index.php\/wp-json\/wp\/v2\/product_tag?post=14325"}],"curies":[{"name":"wp","href":"https:\/\/api.w.org\/{rel}","templated":true}]}}