{"id":14605,"date":"2023-08-03T15:17:43","date_gmt":"2023-08-03T15:17:43","guid":{"rendered":"https:\/\/letrerosled.cl\/?post_type=product&#038;p=14605"},"modified":"2024-02-13T13:43:08","modified_gmt":"2024-02-13T13:43:08","slug":"kit-de-8-camaras-dvr-disco-duro-1-tb","status":"publish","type":"product","link":"https:\/\/letrerosled.cl\/index.php\/producto\/kit-de-8-camaras-dvr-disco-duro-1-tb\/","title":{"rendered":"KIT DE 8 CAMARAS DVR DISCO DURO 1 TB"},"content":{"rendered":"<p>KIT DE 8 CAMARAS COMPLETAS , INCLUYE DVR Y DISCO DURO &#8211; EXTENCION DE CABLE -MOUS Y\u00a0 TRANSFORMADOR<\/p>\n<p>&nbsp;<\/p>\n<p>Sistema de seguridad pr\u00e1ctico y sencillo que permite habilitar un circuito cerrado de televisi\u00f3n H.264 DVR con monitoreo en tiempo real.<\/p>\n<p>Incluye Disco duro capacidad: 1 TB<\/p>\n<p>Caracter\u00edsticas t\u00e9cnicas :<br \/>\n\u2013 Formato de video: NTSC \/ PAL<br \/>\n\u2013 Funcionamiento del sistema<br \/>\n\u2013 Basado en Linux<br \/>\n\u2013 Entrada\/Salida video<br \/>\n\u2013 BNC 8 canales de entrada \/ Salida<br \/>\n\u2013 VGA<br \/>\n\u2013 Medidas de cables de conexi\u00f3n : 15 metros<br \/>\n\u2013 Modo de grabaci\u00f3n<br \/>\n\u2013 Horario continuo \/ Tiempo \/ Detecci\u00f3n de movimiento .<br \/>\n\u2013 Red RJ45, 10M\/100M<br \/>\n\u2013 Protocolo de red TCP\/IP, DHCP Y DDNS<br \/>\n\u2013 Acceso remoto desde el tel\u00e9fono<br \/>\n\u2013 Lan o internet de nevegacion<br \/>\n\u2013 Modo de reproducci\u00f3n : Reproduccin normal \/ Avance<br \/>\n\u2013 Control Remoto<br \/>\n\u2013 Fuente de alimentaci\u00f3n : DC12V. 2.5A<\/p>\n<p>Especificaciones de la c\u00e1mara :<br \/>\n\u2013 Sensor de imagen<br \/>\n\u2013 Resoluci\u00f3n con HDMI: 1920 * 1080<br \/>\n\u2013 1\/3 Color CSMOS<br \/>\n\u2013 Lente : 3.6mm<br \/>\n\u2013 Numero de led : 24 Led<br \/>\n\u2013 Iluminaci\u00f3n infrarroja ( Visi\u00f3n nocturna )<br \/>\n\u2013 Exterior : S\u00cd<br \/>\n\u2013 Temperatura de funcionamiento : \u2013 25\u00ba F a 122\u00ba F\u00ba \/ -32\u00baC<\/p>\n<p>El Kit incluye:<br \/>\n1 DVR de 8 Canales<br \/>\n8 C\u00e1maras LED color 700TVL24 IR X 1,3\u00bb<br \/>\n8 Rollos de cable de energ\u00eda para c\u00e1mara<br \/>\n2 Fuente de Alimentaci\u00f3n para c\u00e1maras de 8puertos 12V\/4000 Mah<br \/>\n1 Control remoto<br \/>\n1 Adaptador de corriente DC 12V para DVR<br \/>\n8 Soportes resistentes al agua para c\u00e1maras<\/p>\n","protected":false},"excerpt":{"rendered":"<p>KIT DE 8 CAMARAS COMPLETAS , INCLUYE DVR Y DISCO DURO &#8211; EXTENCION DE CABLE -MOUS Y\u00a0 TRANSFORMADOR &nbsp; Sistema de seguridad pr\u00e1ctico y sencillo que permite habilitar un circuito cerrado de televisi\u00f3n H.264 DVR con monitoreo en tiempo real. Incluye Disco duro capacidad: 1 TB Caracter\u00edsticas t\u00e9cnicas : \u2013 Formato de video: NTSC \/ [&hellip;]<\/p>\n","protected":false},"featured_media":14606,"comment_status":"closed","ping_status":"closed","template":"","meta":{"site-sidebar-layout":"default","site-content-layout":"default","ast-site-content-layout":"default","site-content-style":"default","site-sidebar-style":"default","ast-global-header-display":"","ast-banner-title-visibility":"","ast-main-header-display":"","ast-hfb-above-header-display":"","ast-hfb-below-header-display":"","ast-hfb-mobile-header-display":"","site-post-title":"","ast-breadcrumbs-content":"","ast-featured-img":"","footer-sml-layout":"","theme-transparent-header-meta":"default","adv-header-id-meta":"","stick-header-meta":"","header-above-stick-meta":"","header-main-stick-meta":"","header-below-stick-meta":"","astra-migrate-meta-layouts":"default","ast-page-background-enabled":"default","ast-page-background-meta":{"desktop":{"background-color":"var(--ast-global-color-4)","background-image":"","background-repeat":"repeat","background-position":"center center","background-size":"auto","background-attachment":"scroll","background-type":"","background-media":"","overlay-type":"","overlay-color":"","overlay-opacity":"","overlay-gradient":""},"tablet":{"background-color":"","background-image":"","background-repeat":"repeat","background-position":"center center","background-size":"auto","background-attachment":"scroll","background-type":"","background-media":"","overlay-type":"","overlay-color":"","overlay-opacity":"","overlay-gradient":""},"mobile":{"background-color":"","background-image":"","background-repeat":"repeat","background-position":"center center","background-size":"auto","background-attachment":"scroll","background-type":"","background-media":"","overlay-type":"","overlay-color":"","overlay-opacity":"","overlay-gradient":""}},"ast-content-background-meta":{"desktop":{"background-color":"var(--ast-global-color-5)","background-image":"","background-repeat":"repeat","background-position":"center center","background-size":"auto","background-attachment":"scroll","background-type":"","background-media":"","overlay-type":"","overlay-color":"","overlay-opacity":"","overlay-gradient":""},"tablet":{"background-color":"var(--ast-global-color-5)","background-image":"","background-repeat":"repeat","background-position":"center center","background-size":"auto","background-attachment":"scroll","background-type":"","background-media":"","overlay-type":"","overlay-color":"","overlay-opacity":"","overlay-gradient":""},"mobile":{"background-color":"var(--ast-global-color-5)","background-image":"","background-repeat":"repeat","background-position":"center center","background-size":"auto","background-attachment":"scroll","background-type":"","background-media":"","overlay-type":"","overlay-color":"","overlay-opacity":"","overlay-gradient":""}},"_joinchat":[]},"product_brand":[],"product_cat":[36,38],"product_tag":[49,54,51,53,50,52],"class_list":{"0":"post-14605","1":"product","2":"type-product","3":"status-publish","4":"has-post-thumbnail","6":"product_cat-camaras-de-seguridad","7":"product_cat-ofertas","8":"product_tag-camaras","9":"product_tag-control-de-todo-a-distancia","10":"product_tag-moritoneo","11":"product_tag-que-nada-se-te-escape","12":"product_tag-seguridad","13":"product_tag-todo-bajo-control","14":"desktop-align-left","15":"tablet-align-left","16":"mobile-align-left","18":"first","19":"instock","20":"sale","21":"shipping-taxable","22":"purchasable","23":"product-type-simple"},"jetpack_sharing_enabled":true,"_links":{"self":[{"href":"https:\/\/letrerosled.cl\/index.php\/wp-json\/wp\/v2\/product\/14605","targetHints":{"allow":["GET"]}}],"collection":[{"href":"https:\/\/letrerosled.cl\/index.php\/wp-json\/wp\/v2\/product"}],"about":[{"href":"https:\/\/letrerosled.cl\/index.php\/wp-json\/wp\/v2\/types\/product"}],"replies":[{"embeddable":true,"href":"https:\/\/letrerosled.cl\/index.php\/wp-json\/wp\/v2\/comments?post=14605"}],"wp:featuredmedia":[{"embeddable":true,"href":"https:\/\/letrerosled.cl\/index.php\/wp-json\/wp\/v2\/media\/14606"}],"wp:attachment":[{"href":"https:\/\/letrerosled.cl\/index.php\/wp-json\/wp\/v2\/media?parent=14605"}],"wp:term":[{"taxonomy":"product_brand","embeddable":true,"href":"https:\/\/letrerosled.cl\/index.php\/wp-json\/wp\/v2\/product_brand?post=14605"},{"taxonomy":"product_cat","embeddable":true,"href":"https:\/\/letrerosled.cl\/index.php\/wp-json\/wp\/v2\/product_cat?post=14605"},{"taxonomy":"product_tag","embeddable":true,"href":"https:\/\/letrerosled.cl\/index.php\/wp-json\/wp\/v2\/product_tag?post=14605"}],"curies":[{"name":"wp","href":"https:\/\/api.w.org\/{rel}","templated":true}]}}